7*l. Let s be w(-8). Suppose -3*p = -s + 24. Let q = p + 57. What is the remainder when q is divided by 25?
23
Suppose -2*g + 3*q = -105, -5*g - 3*q + 84 = -168. Let u = 16 - 2. Calculate the remainder when g is divided by u.
9
Suppose 13 = 2*q - y, 0*y = 2*y + 10. What is the remainder when 9 is divided by q?
1
Let y(x) = 38*x**2 + x + 82. What is the remainder when 128 is divided by y(0)?
46
Let q(t) = 8*t**2 - 5*t + 3. Calculate the remainder when 65 is divided by q(2).
15
Let d(i) = i**2 - 8*i + 44. Calculate the remainder when 181 is divided by d(7).
33
Suppose -2*i + 12 = -4*t, i + t - 6 - 6 = 0. Calculate the remainder when 35 is divided by i.
5
Let p(k) = -6*k - 7. Let o be p(-3). Suppose 3*t - 4*z - 41 = 0, o = -t - z + 27. Calculate the remainder when 42 is divided by t.
12
Let t = -1035 - -1224. Calculate the remainder when t is divided by 33.
24
Suppose -30 = -5*y + l - 3*l, -3*y + 4*l + 44 = 0. Calculate the remainder when 20 is divided by y.
4
Let q be -4 + 2*(11 - 0). Let m(f) = -f**2 + 9*f - 5. Let k be m(8). Let g = q - k. What is the remainder when g is divided by 9?
6
Let z(p) = -3*p - 58. Calculate the remainder when 404 is divided by z(-24).
12
Let v(n) = 79*n + 1. What is the remainder when v(1) is divided by 17?
12
Suppose 0 = -8*u + 111 - 63. What is the remainder when 19 is divided by u?
1
Let l(t) = -17*t + 64. Let r be 1*1/2*0. Suppose r = g - 3*d - 23, -3*g + 2*d + 104 = 0. What is the remainder when g is divided by l(3)?
12
Suppose -614*u - 246 = -620*u. Suppose -2*p = -4*d - 54, -3*p + 78 = -6*d + d. Calculate the remainder when u is divided by p.
20
Suppose -5*r + 32 = 3*r. Suppose 4*f - 36 = -3*v, f - 11 = v - 2*v. Suppose 3 = -3*j + 2*m + v, 23 = 5*j + r*m. What is the remainder when 17 is divided by j?
2
Let w = -43 - -45. Suppose w*o + n = -n + 66, -2*n - 2 = 0. What is the remainder when o is divided by 13?
8
Let b(v) = -2*v**2 - 31*v - 15. Let p(l) = l**3 + 16*l**2 + 12*l - 18. Calculate the remainder when b(-13) is divided by p(-15).
23
Suppose 0 = -163*f + 9*f + 1848. Calculate the remainder when (-2)/(-2) - 1*-19 is divided by f.
8
Let t(z) = -z + 53. What is the remainder when t(-21) is divided by 20?
14
Suppose 24*j - 603 = -147. What is the remainder when j is divided by 7?
5
Suppose -2*n + 0*n = -3*h + 5, 5*n - 4 = 2*h. Suppose -h*y - 3*s = -2*y - 5, 3*s + 9 = 0. What is the remainder when 54 is divided by y?
12
Let f(x) = -x**2 - 23*x - 4. Calculate the remainder when 256 is divided by f(-21).
28
Let i(k) = k + 176. Let l be i(0). Suppose 0 = -5*g - 2*y + l, -2*g + 59 = 3*y - 18. Let m = 259 + -241. What is the remainder when g is divided by m?
16
Let b(c) = -c**2 + 6*c - 1. Let n be b(6). Let x be -3*(-4 + 4/n). Let i = -1 + x. What is the remainder when 44 is divided by i?
21
Suppose -13*w + 4 = -12*w. What is the remainder when 158 is divided by w/(-8)*(6/3 + -48)?
20
Let c(t) = -5*t - 35. Let k(l) = -l**3 - 10*l**2 - 6*l - 2. What is the remainder when k(-10) is divided by c(-13)?
28
Let y = 532 + -503. What is the remainder when 375 is divided by y?
27
Suppose 3*p = -3*w + 174, 2*p - 1 = w - 62. What is the remainder when 64 is divided by w?
5
Let t = 93 - -60. Let b = t + -130. What is the remainder when 83 is divided by b?
14
Suppose -105 = 5*d + 2*b, 2*d - 3*b + 51 = -2*b. Let k = 26 + d. What is the remainder when k is divided by 3?
0
Suppose 4*c + 20 + 15 = -5*q, 0 = -2*c + 10. Let s = -5780 - -5823. What is the remainder when s is divided by (q/(-4))/(1/4)?
10
Suppose -25*l - 594 = -3144. What is the remainder when 295 is divided by l?
91
Suppose 7*m - 102 = -l + 2*m, -m = 3*l - 250. Let s = l - 31. What is the remainder when s is divided by 26?
25
Suppose 37*r = -381 + 3711. What is the remainder when 539 is divided by r?
89
Suppose 4*x = 5*g + 200, 3*g + 200 = -2*g + 5*x. Suppose 1 - 15 = -2*s. What is the remainder when g*1*16/(-20) is divided by s?
4
Let j(z) = -z**2 + 4*z. Suppose 19*c - 24 = 7*c. What is the remainder when 10 is divided by j(c)?
2
Suppose x = -0*x + 4*m + 15, x = -4*m + 55. Calculate the remainder when x is divided by 6/(-6 - (-180)/27).
8
Let b(c) = 3 - 6 + 10*c + 1 - 2*c. Suppose -3*k = -0 - 6. Calculate the remainder when 41 is divided by b(k).
13
Suppose 3*f + t = 23, 0 = 3*f + 3*t + 6 - 21. What is the remainder when 34 is divided by f?
7
Calculate the remainder when (578 + -6)/2 - 2 is divided by 36.
32
Suppose -4*h = -11 - 109. Calculate the remainder when 77 is divided by -60*(h/(-9) - -3).
17
Suppose -2*p - 4*x = -6*p + 408, 2*x - 402 = -4*p. Calculate the remainder when 2423 is divided by p.
100
Suppose -2*t + 3*w - 99 = 0, 0 = 3*t - w - 54 + 199. Let r = t + 78. What is the remainder when r is divided by 17?
13
Let g = 235 - 225. Calculate the remainder when 197 is divided by g.
7
Let w(t) = -4*t + 16. Let f be w(4). Suppose f = -2*v + 7 + 11. What is the remainder when 16 is divided by v?
7
Suppose -5*g = -2*g - 36. Let i be 595/(-5 - -12)*2/5. Suppose 4*b + 2*o = i, 8 = -b - 0*o + 5*o. Calculate the remainder when g is divided by b.
5
Let t(n) = 39*n**3 - n**2 + 2*n. Let l be t(1). Let b be 4/(-12) + 415/(-15). Let r = l + b. What is the remainder when 33 is divided by r?
9
Let w(k) = -7*k + 59. Let t be 135 + (1 - 2) + -2. Suppose 4*b + t = 5*h, -5*b = -12 + 2. Calculate the remainder when h is divided by w(7).
8
Suppose 0 = -15*x - 40 + 115. Suppose -x*w = q + 4*q - 50, 5*q - 58 = -w. Let s(y) = -11*y + 1. Calculate the remainder when s(-3) is divided by q.
10
Suppose 684 = 11*m + 79. Let l = 66 - m. What is the remainder when 28 is divided by l?
6
Let i(x) = 11*x + 5. Let y be i(-1). Let n(l) = -l + 11. What is the remainder when (2 + -2)/(-2) - -67 is divided by n(y)?
16
Suppose -142 + 1110 = 8*h. Calculate the remainder when h is divided by 31.
28
Let c = 426 + -365. What is the remainder when c is divided by 19?
4
Suppose 0 = 11*y - 59*y + 10224. What is the remainder when y is divided by 33?
15
Suppose 9*t - 85 = 14. Calculate the remainder when 360 is divided by t.
8
What is the remainder when 455 is divided by 77/33*690/35?
41
What is the remainder when 4/22 - (-91182)/286 is divided by 46?
43
Let z = -48 - -77. What is the remainder when z is divided by 11?
7
Calculate the remainder when (-74)/(-37) + 178/2 is divided by 19.
15
Let d = -8 - -9. Let w(q) = q**2 + 7*q + 11. Calculate the remainder when d/(4/496*4) is divided by w(-7).
9
Calculate the remainder when 83 is divided by 12/(-14) + (-4488)/(-238).
11
Let m = -22 - -58. Suppose -3*p + 36 = -m. Let c(t) = t + 10. What is the remainder when p is divided by c(5)?
9
Suppose -3*y - z - 2*z = -18, -y + 18 = 4*z. Suppose y*q + 9 = 5*q. Suppose 0 = -q*v + 162 + 9. Calculate the remainder when v is divided by 20.
17
Let w(v) = -9*v + 1. Let a be 1/((-2)/6) + -1. Let h(c) = 2*c**2 + 4*c + 1. Calculate the remainder when h(a) is divided by w(-1).
7
Suppose -4*j + 1060 = -0*j. What is the remainder when (3 - 1)/(-3 - (-805)/j) is divided by 27?
26
Let q be 5*(108/(-15))/3. What is the remainder when 4 is divided by 7/4 - (1 - -2)/q?
0
Let q be 0/2 + (-5 + 5)/3. Suppose 3*l = -3*y + l + 128, y - 3*l - 28 = q. What is the remainder when y is divided by 7?
5
Let f(p) = -p**2 - 6*p + 11. Let i be f(-6). Suppose i*y - 19 = 10*y. Let z = 7 - 2. Calculate the remainder when y is divided by z.
4
Let y be (-21)/2*20/(-6). Suppose -24 = -k + y. What is the remainder when k is divided by 35 - (4 + -2)*60/24?
29
Suppose -6*n + 10 + 2 = 0. Let a be 11 + 3/((-3)/(-2)). Suppose -n*o + a = -11. What is the remainder when 44 is divided by o?
8
Suppose -5*b = -6*b + 5*h + 27, -3 = h. Let r = -12 + b. Suppose r = -z + 29 + 30. What is the remainder when z is divided by 21?
17
Let b = -18 + 11. Let c = b - -11. Suppose -o = 5*x - 24, -c*o = -6*x + x - 21. What is the remainder when 33 is divided by o?
6
Let g = 363 + -341. What is the remainder when g is divided by 1?
0
Suppose -11*d = -1433 + 1301. Let p(v) = -1 - 2 - 11*v + 0. Calculate the remainder when p(-3) is divided by d.
6
Let x = 1 + -1. Suppose x = -11*y + 4*y + 84. What is the remainder when 45 is divided by y?
9
Let g = 177 - 0. Calculate the remainder when g is divided by 32.
17
Suppose 2*o - 48 = -5*q - 5, 0 = -2*o + 4*q + 70. Calculate the remain